7 = -3*m. What is the units digit of f?
9
Let m = -134 - -357. What is the tens digit of m?
2
Let c = 13 + -10. What is the units digit of (0 + -2)/(c/(-24))?
6
Let a(t) = t**2 - 6*t + 4. Let v be a(8). Suppose -5*f = -0*f + v, -f + 46 = 5*w. What is the units digit of w?
0
Let h = -7 + 16. Suppose -10 = -5*j - 4*g, h = -0*j - j - 3*g. What is the units digit of j?
6
Suppose -6*s = -8*s + 36. What is the units digit of s?
8
Let p = 70 - 31. What is the units digit of p?
9
Suppose 91 = 5*g - 599. Let l be 3*-1*g/(-9). Suppose -4*w + 56 = w + 2*y, -l = -4*w - 2*y. What is the units digit of w?
0
Suppose 3*o + 34 = 5*o. What is the units digit of o?
7
Let x(c) = c**3 + 2*c**2 - 2*c - 2. Let a be x(2). Let s(h) = -h**2 - h. Let v be s(2). Let o = a + v. What is the units digit of o?
4
Suppose -48 = -0*s - 3*s. Suppose -z + 4 = 5*t, s = 3*z + 5*t + 4. What is the units digit of 105/12 + 1/z?
9
Let s = -5 - -3. Let g be s/6 - 5/(-15). What is the units digit of -14*((-1)/2 - g)?
7
Suppose -5*d - 4*a + 115 = -0*a, -4*d + 128 = -4*a. Suppose h + r = 4*r + d, 4*h - 53 = r. What is the units digit of h?
2
Suppose -3 = -4*k + k, -5*y - 2*k + 442 = 0. Suppose -4*l - 2*j = -j - y, 100 = 4*l + 4*j. What is the units digit of l?
1
Suppose -4*j - 384 = -2*o, j = -3*j - 8. What is the units digit of o?
8
Let x = 183 - 130. What is the units digit of x?
3
Let r(k) = k**2 - 7*k - 7. Let c be r(8). Let m = 0 - c. What is the units digit of 0 + m + (-3 - -9)?
5
Let p(z) = z**3 - 9*z**2 + 9*z - 8. Let n be p(8). Suppose n*l = 2*l. Suppose l*a + 2*a = 18. What is the units digit of a?
9
Suppose 0 = 2*i - 7*i + 15. Suppose a + 2*a - 15 = 0. Suppose -b - b - a*o = i, -3*b - 5*o - 2 = 0. What is the units digit of b?
1
What is the tens digit of (-565)/(-25) + (-2)/(-5)?
2
Let h = -2 - -6. Let i(z) = -3*z**2 - 2*z + z**3 + 2*z**2 + 5 - h. What is the units digit of i(2)?
1
Suppose -267 + 847 = 5*i. Suppose 3*u + i = 5*u. What is the tens digit of u?
5
Suppose -6*t + 72 = -3*t. What is the tens digit of t?
2
Let w(h) = 8. Let d(x) = -x. Let j(c) = 2*d(c) - w(c). Suppose -3*b - 3*i - 13 = -5*i, 2*b + 6 = 2*i. What is the units digit of j(b)?
6
Let o(a) = a**3 - 7*a**2 + 7*a - 6. Let d be o(6). Let m = d + 5. Suppose 5*x - 74 = -0*x + b, -m*x + 4*b + 86 = 0. What is the units digit of x?
4
Suppose 4 = -g - 5. Let c be (g/(-3))/(6/44). Suppose -c = 4*z - 5*h - 9, 15 = 3*h. What is the units digit of z?
3
Let i = 4 - 2. Suppose -4*d = -8, i*l = -2*l - 2*d + 60. What is the tens digit of l?
1
Suppose 2*y = y. Suppose y = -c - 4*c + 50. What is the units digit of c?
0
Let k be (24/(-18))/(3/(-333)). What is the tens digit of 2/10 - k/(-10)?
1
Let w(y) = y**3 + 9*y**2 + y - 19. What is the tens digit of w(-8)?
3
Suppose w = 13 - 7. What is the units digit of w?
6
Suppose -15 = 5*c + 3*a, 0 = 4*c - a - 1 - 4. Suppose 0*y - y + 8 = c. What is the units digit of y?
8
Suppose 0*z + 2*l - 82 = -2*z, 4*l + 36 = z. What is the tens digit of z?
4
Suppose 11*m - 8*m - 147 = 0. What is the units digit of m?
9
Let g be 1/(-2) + (-1)/(-2). Let o(n) = -n**3 + 13*n**2 + 15*n - 9. Let m be o(14). Suppose 2*j - m - 25 = g. What is the units digit of j?
5
Let k(f) be the third derivative of f**6/12 + f**5/60 - f**4/24 + f**3/6 + 7*f**2. What is the units digit of k(1)?
1
Let l(i) = 12*i**2 - i. What is the tens digit of l(1)?
1
Let j(i) = 5*i + 6 + 3 + i**2 - 8. Suppose 7*k - 2*k = -25. What is the units digit of j(k)?
1
Suppose -3*v - 4*g = -124, g - 2*g + 42 = v. What is the tens digit of v?
4
Let r = -5 + 7. Let h = -4 - -10. Suppose r + h = 4*p. What is the units digit of p?
2
Suppose 6 = 2*z + 2. Suppose 0 = -z*x - 3*x - 10. Let p(k) = -k**3 - k**2 + k + 2. What is the units digit of p(x)?
4
Let m(p) = -7*p - 20. What is the tens digit of m(-8)?
3
Let l(i) = 14*i**3 + i**2 + 2*i - 2. What is the units digit of l(2)?
8
What is the units digit of 1/(50/20020) - (-3)/5?
1
Let v be 2 + 3/(9/(-3)). Let m = 1 + v. What is the units digit of m?
2
Let a(j) = -j**2 - 3*j + 3. Let s be a(-3). Suppose k + 2*k - s = 0. What is the units digit of k?
1
Let o be (-2)/3 + (-16)/(-6). Let b(m) = 0 + 1 - 10*m + 7 - m**2 + o*m. What is the tens digit of b(-7)?
1
Suppose 4*g + g + 60 = 0. What is the tens digit of 1/3 - 152/g?
1
Suppose 13*y = 9*y + 500. What is the hundreds digit of y?
1
Let m = 15 - 9. Suppose 0 = -h - 5 + 9. Let n = m - h. What is the units digit of n?
2
Let o(k) = k**3 - k**2 + k + 69. What is the units digit of o(0)?
9
What is the units digit of 1*(191 - 2/(8/4))?
0
What is the tens digit of ((-20)/25)/(1/(-15))?
1
Suppose 0 = 2*t - 4*t + 32. Let v be -1 - (-2 - -1) - t. Let m = -8 - v. What is the units digit of m?
8
Let p(d) = 83*d**2 - 2*d - 2. What is the tens digit of p(-2)?
3
Let u be 6/(-2) + 240/10. Let k = -25 + 11. Let i = k + u. What is the units digit of i?
7
Let a = -11 + 16. Suppose a*j + n = 9, 0 = 4*j - 8*j - 5*n + 24. Suppose -j - 1 = -p. What is the units digit of p?
2
Let j(u) = -u + 8. Let s be j(7). Let g be (-1 - -2)*2*s. Suppose 0 = w + 2*h - 5, w = -6*h + g*h - 3. What is the units digit of w?
3
Suppose -4*j + 110 - 14 = 0. Let p = j + -15. What is the units digit of p?
9
Let v be (4 + -11)*(-4)/14. Let f = -1 + v. What is the units digit of f?
1
Suppose -3*l + 9 + 84 = 0. What is the units digit of l?
1
Let l = 1 - 0. Suppose -4*u + 3 = -l. What is the units digit of ((0 + u)*-6)/(-1)?
6
Let j(u) = 3*u**2 + 5*u - 12. Let d(x) = -8*x**2 - 16*x + 35. Let p(o) = -4*d(o) - 11*j(o). What is the tens digit of p(6)?
1
Let y = 3 + 3. Let z = y + -4. Suppose b + 3*u = -0*u + 7, -z*u = 4. What is the tens digit of b?
1
Let a(n) = -n - 1. Let l(c) = -8*c - 7. Let u(q) = 3*a(q) - l(q). What is the tens digit of u(3)?
1
Suppose -y = 3*a - 0*y, 4 = a - y. Suppose d = -0*d + 3*z - 3, -5*z = 2*d + 17. Let g = a - d. What is the units digit of g?
7
Suppose -5*a = -4*o + 7, -3*o = -2*o + 3*a - 6. Suppose 3*l - o = -2*q + 6*q, -3*l - 15 = 2*q. Let g = -1 - q. What is the units digit of g?
2
What is the tens digit of 8/2 + 6/1?
1
Suppose 0 = -m + 5*w + 23, 3*m + 2*w - 33 = -w. Let s = m - -18. What is the tens digit of s?
3
Let x(p) = 7*p**2 - 25*p - 9. Let r(g) = -10*g**2 + 37*g + 13. Let n(a) = 5*r(a) + 7*x(a). What is the units digit of n(8)?
8
Suppose u - 5*j = 17, -2*j = 5*u - 3*j - 13. Suppose -48 = -4*v - 3*z, -3*z + 7*z + 2 = u*v. What is the units digit of v?
9
Suppose 4*s + 0*s = -24. What is the units digit of (-15)/(-13) - s/(-39)?
1
Suppose 0 = -6*q + 159 + 99. What is the units digit of q?
3
Let k(v) = 12*v - 14. What is the units digit of k(6)?
8
Suppose -2*z - 10 = -3*j, 0 = z + 4*z - 4*j + 25. What is the units digit of (z + 3)*(-37)/2?
7
Suppose -396 = -4*r - 1532. What is the units digit of (-6)/(-39) + r/(-13)?
2
Let w(g) = g**3 - 15*g**2 + 7*g - 13. What is the tens digit of w(15)?
9
Let r(c) = c**2 + 12*c + 11. What is the tens digit of r(-12)?
1
Suppose 0 = 2*n + n - 12. Suppose -n*h + 2 = -18. Suppose -h*q + 56 - 11 = 0. What is the units digit of q?
9
Let q be (0 - (-1)/(-2))*0. Suppose -n + 9 = 4*j, -n + 9 = -q*n + 2*j. What is the units digit of n?
9
What is the units digit of (-143)/(-6) - (1 - (-7)/(-6))?
4
Let w be (-16)/3 - 4/6. Let j be w/(-8)*(3 - 15). What is the units digit of (0 - j/(-3))*-3?
9
Suppose 2*g + 0 + 4 = 0. What is the units digit of (-4)/(-8) - g/4?
1
Let n be (-2 + 1)/((-1)/3). Suppose 28 = g + n*g. What is the units digit of 0 + 1 + (g - -1)?
9
Suppose d - 5*d = -2*c - 4, 9 = 3*c - d. Let u be 539/35 + c/(-10). Suppose 3*t - u = -2*t, -2*z = 4*t - 20. What is the units digit of z?
4
Let a = -183 + 268. What is the units digit of a?
5
Suppose 18 = 4*d + 5*b, -6*b = -4*d - b + 38. What is the units digit of ((-9)/(-5))/(d/35)?
9
Suppose 0 = 2*c - 5*c + 9. Suppose -27 = -3*b + s, c*b - 2*s = -3*s + 33. What is the units digit of b?
0
Let u = 436 + -231. Suppose 5*d = 2*p - 105, 2*p + 3*p - d - u = 0. What is the units digit of p?
0
Let j(u) = 6*u**2 + 2*u - 1. Suppose 5*a - 8 = 4*z + 15, -5*z - 4 = 2*a. What is the units digit of j(z)?
9
Let v(b) = -b**2 - 8*b - 3. Let g = 14 - 21. What is the units digit of v(g)?
4
Let c(o) = o**3 + 4*o**2 - 5*o. Let v be c(-5). Suppose v = 3*h - 2*m - 16, -20 = -6*h + 3*h + m. What is the units 